 is the highest common factor of 76 and 813143?
19
What is the highest common divisor of 9215 and 485?
485
What is the highest common divisor of 154 and 86416?
22
What is the highest common divisor of 186394 and 26?
26
Calculate the highest common factor of 92 and 864.
4
Calculate the highest common divisor of 64 and 56464.
16
Calculate the greatest common divisor of 2139 and 9393.
93
What is the highest common factor of 35776 and 132784?
688
What is the highest common divisor of 264 and 201322?
22
What is the highest common factor of 137596 and 164?
164
What is the greatest common divisor of 1056 and 429?
33
What is the highest common divisor of 893 and 4009?
19
What is the highest common factor of 1649650 and 150?
50
What is the greatest common divisor of 189096 and 1560?
24
What is the highest common factor of 10863 and 612?
153
What is the greatest common factor of 1921704 and 6?
6
Calculate the highest common divisor of 40 and 373480.
40
Calculate the highest common factor of 290 and 4698.
58
Calculate the greatest common factor of 7568455 and 745.
745
What is the greatest common divisor of 42828 and 2490?
498
Calculate the highest common divisor of 12767 and 340.
17
What is the greatest common divisor of 2926 and 126882?
266
Calculate the greatest common factor of 318 and 76002.
318
Calculate the greatest common factor of 3162726 and 1134.
1134
What is the highest common factor of 784011 and 6?
3
Calculate the highest common divisor of 1633 and 5566.
23
Calculate the greatest common divisor of 435 and 16211.
29
What is the greatest common factor of 3060 and 16245?
45
What is the highest common divisor of 680629 and 136?
17
Calculate the highest common factor of 144 and 502896.
48
Calculate the highest common divisor of 522 and 963.
9
What is the greatest common divisor of 38 and 61?
1
What is the highest common divisor of 4590 and 3456?
54
Calculate the highest common factor of 77507 and 4330.
433
Calculate the highest common factor of 702647 and 605.
121
Calculate the highest common factor of 40106 and 77.
11
What is the highest common factor of 101936 and 6256?
368
What is the greatest common divisor of 5442 and 6?
6
Calculate the greatest common factor of 2394381 and 111.
111
What is the greatest common factor of 203 and 6641?
29
What is the greatest common factor of 2120 and 2560?
40
What is the greatest common divisor of 18915 and 9165?
195
What is the greatest common factor of 286 and 326183?
143
Calculate the greatest common divisor of 221 and 1932203.
221
Calculate the highest common factor of 125936 and 340.
68
What is the greatest common divisor of 29 and 92?
1
Calculate the greatest common divisor of 37 and 209309.
37
What is the greatest common factor of 74365 and 2461?
107
Calculate the greatest common factor of 10209 and 1968.
123
What is the highest common factor of 3208 and 16?
8
What is the highest common divisor of 3843 and 21798?
63
Calculate the greatest common factor of 2083941 and 79.
79
Calculate the greatest common factor of 11193 and 82.
41
Calculate the greatest common divisor of 1514642 and 19.
19
Calculate the highest common divisor of 4978 and 1216.
38
Calculate the highest common factor of 609 and 590324.
203
What is the highest common divisor of 395743 and 34?
17
Calculate the highest common divisor of 494 and 209.
19
Calculate the highest common divisor of 21063 and 833.
119
What is the highest common divisor of 8192 and 1492?
4
Calculate the highest common divisor of 6341 and 323.
17
What is the greatest common factor of 39 and 114127?
13
Calculate the greatest common divisor of 99144 and 408.
408
Calculate the greatest common divisor of 20938 and 116.
58
What is the highest common factor of 211922 and 782?
782
What is the greatest common divisor of 4136 and 88?
88
Calculate the highest common factor of 16620 and 2140.
20
Calculate the greatest common divisor of 8174 and 51992.
134
What is the greatest common divisor of 26 and 1736722?
26
What is the greatest common divisor of 26 and 58682?
26
What is the greatest common divisor of 2169 and 8917?
241
Calculate the greatest common divisor of 8 and 11464.
8
Calculate the highest common factor of 318 and 2086822.
106
What is the highest common factor of 1544047 and 11803?
1073
What is the highest common factor of 506823 and 1446?
723
Calculate the greatest common divisor of 4396526 and 1124.
562
Calculate the highest common factor of 172 and 505594.
86
What is the greatest common divisor of 23925 and 264?
33
What is the greatest common divisor of 246065 and 290?
145
What is the greatest common divisor of 906544 and 80?
16
Calculate the greatest common factor of 188 and 8366.
94
Calculate the greatest common factor of 30 and 513075.
15
What is the highest common divisor of 10582 and 55?
11
What is the greatest common factor of 58 and 33843?
29
What is the highest common factor of 932 and 611858?
466
Calculate the highest common divisor of 292176 and 144.
144
Calculate the highest common factor of 979825 and 25.
25
Calculate the highest common divisor of 186258 and 111.
111
Calculate the highest common divisor of 490 and 1046444.
98
What is the greatest common divisor of 810 and 23355?
135
What is the greatest common factor of 28062 and 90?
18
Calculate the highest common factor of 2 and 169354.
2
Calculate the greatest common divisor of 24606 and 261.
9
Calculate the highest common factor of 1978986 and 2724.
1362
Calculate the greatest common factor of 9 and 912996.
9
Calculate the greatest common factor of 617067 and 966.
69
What is the greatest common divisor of 1295325 and 225?
225
What is the highest common divisor of 13980 and 1560?
60
Calculate the highest common factor of 12 and 2794884.
12
Calculate the highest common factor of 715115 and 445.
445
What is the greatest common divisor of 11336 and 936?
104
What is the greatest common factor of 1401 and 18?
3
What is the greatest common divisor of 903 and 2037?
21
What is the highest common factor of 495715 and 22?
11
What is the greatest common factor of 546 and 1529346?
546
Calculate the greatest common factor of 8 and 125000.
8
Calculate the highest common divisor of 648 and 2853.
9
Calculate the highest common factor of 1189 and 612538.
29
What is the greatest common divisor of 8184 and 4554?
66
What is the greatest common factor of 377390 and 130?
130
What is the greatest common divisor of 72 and 1915032?
24
What is the highest common divisor of 2298 and 123?
3
What is the greatest common factor of 777596 and 584?
292
What is the highest common factor of 18 and 7569?
9
Calculate the highest common factor of 120 and 41820.
60
Calculate the highest common divisor of 62042 and 14816.
926
What is the highest common divisor of 2346782 and 374?
34
Calculate the highest common factor of 126 and 28656.
18
What is the greatest common divisor of 1365 and 58240?
455
Calculate the greatest common factor of 344130 and 30.
30
What is the greatest common divisor of 1026 and 3834?
54
What is the highest common factor of 108 and 1228?
4
Calculate the highest common divisor of 348390 and 90.
90
What is the highest common factor of 1178736 and 336?
48
What is the highest common divisor of 2004 and 3396?
12
What is the greatest common factor of 4769 and 2761?
251
What is the highest common divisor of 1155 and 27060?
165
Calculate the greatest common factor of 130 and 54184.
26
Calculate the greatest common divisor of 38533 and 3751.
341
Calculate the greatest common divisor of 34590 and 915.
15
Calculate the greatest common factor of 89713 and 13.
13
Calculate the greatest common divisor of 8552325 and 5.
5
What is the greatest common divisor of 314 and 13411568?
314
Calculate the greatest common factor of 44 and 9713308.
44
Calculate the highest common divisor of 405319 and 8919.
991
Calculate the highest common divisor of 49517 and 293.
293
What is the highest common divisor of 91 and 225186?
13
What is the greatest common factor of 19 and 83125?
19
Calculate the greatest common divisor of 625138 and 38.
38
Calculate the greatest common divisor of 6325 and 144440.
115
Calculate the highest common factor of 30 and 8394.
6
What is the greatest common divisor of 940 and 1128470?
470
What is the greatest common fac